y 196?
70
What is the remainder when 39 is divided by 17?
5
What is the remainder when 249 is divided by 11?
7
Calculate the remainder when 138 is divided by 18.
12
Calculate the remainder when 540 is divided by 175.
15
What is the remainder when 837 is divided by 122?
105
Calculate the remainder when 74 is divided by 15.
14
Calculate the remainder when 107 is divided by 22.
19
Calculate the remainder when 57687 is divided by 45.
42
Calculate the remainder when 23863 is divided by 17.
12
Calculate the remainder when 41 is divided by 11.
8
Calculate the remainder when 181 is divided by 29.
7
Calculate the remainder when 6861 is divided by 78.
75
Calculate the remainder when 119 is divided by 21.
14
Calculate the remainder when 142 is divided by 35.
2
What is the remainder when 1096 is divided by 19?
13
What is the remainder when 1292 is divided by 54?
50
What is the remainder when 264 is divided by 56?
40
Calculate the remainder when 1844 is divided by 21.
17
What is the remainder when 136 is divided by 15?
1
Calculate the remainder when 482 is divided by 58.
18
What is the remainder when 343 is divided by 175?
168
Calculate the remainder when 494 is divided by 486.
8
What is the remainder when 590 is divided by 119?
114
Calculate the remainder when 416 is divided by 81.
11
Calculate the remainder when 20 is divided by 6.
2
What is the remainder when 147 is divided by 84?
63
Calculate the remainder when 1004 is divided by 10.
4
What is the remainder when 1744 is divided by 38?
34
Calculate the remainder when 1337 is divided by 360.
257
What is the remainder when 346 is divided by 20?
6
What is the remainder when 614 is divided by 280?
54
What is the remainder when 558 is divided by 25?
8
Calculate the remainder when 213 is divided by 27.
24
Calculate the remainder when 940 is divided by 34.
22
Calculate the remainder when 1792 is divided by 75.
67
What is the remainder when 49 is divided by 6?
1
What is the remainder when 1356 is divided by 1343?
13
Calculate the remainder when 647 is divided by 10.
7
Calculate the remainder when 489 is divided by 16.
9
What is the remainder when 45 is divided by 2?
1
Calculate the remainder when 1769 is divided by 295.
294
What is the remainder when 8141 is divided by 17?
15
Calculate the remainder when 1361 is divided by 57.
50
What is the remainder when 166 is divided by 42?
40
Calculate the remainder when 3036 is divided by 62.
60
What is the remainder when 1960 is divided by 198?
178
What is the remainder when 500 is divided by 56?
52
What is the remainder when 13 is divided by 8?
5
Calculate the remainder when 1658 is divided by 35.
13
Calculate the remainder when 2617 is divided by 15.
7
What is the remainder when 79 is divided by 14?
9
What is the remainder when 1830 is divided by 312?
270
What is the remainder when 48 is divided by 17?
14
Calculate the remainder when 175 is divided by 60.
55
Calculate the remainder when 158 is divided by 30.
8
What is the remainder when 227 is divided by 174?
53
Calculate the remainder when 12 is divided by 4.
0
What is the remainder when 37011 is divided by 186?
183
Calculate the remainder when 1049 is divided by 127.
33
What is the remainder when 595 is divided by 5?
0
Calculate the remainder when 1509 is divided by 151.
150
What is the remainder when 39 is divided by 14?
11
Calculate the remainder when 4028 is divided by 14.
10
Calculate the remainder when 188 is divided by 47.
0
What is the remainder when 4097 is divided by 24?
17
Calculate the remainder when 195 is divided by 49.
48
What is the remainder when 388 is divided by 49?
45
What is the remainder when 1043 is divided by 42?
35
What is the remainder when 18855 is divided by 109?
107
What is the remainder when 943 is divided by 8?
7
Calculate the remainder when 1581 is divided by 99.
96
Calculate the remainder when 3429 is divided by 58.
7
Calculate the remainder when 2057 is divided by 42.
41
What is the remainder when 95 is divided by 50?
45
What is the remainder when 103 is divided by 89?
14
Calculate the remainder when 194 is divided by 86.
22
What is the remainder when 1515 is divided by 27?
3
Calculate the remainder when 31 is divided by 20.
11
What is the remainder when 4389 is divided by 292?
9
What is the remainder when 2397 is divided by 38?
3
What is the remainder when 1575 is divided by 114?
93
Calculate the remainder when 403 is divided by 44.
7
Calculate the remainder when 357 is divided by 72.
69
What is the remainder when 4353 is divided by 65?
63
What is the remainder when 55 is divided by 17?
4
Calculate the remainder when 1328 is divided by 14.
12
What is the remainder when 12393 is divided by 12?
9
What is the remainder when 7828 is divided by 27?
25
What is the remainder when 163 is divided by 50?
13
What is the remainder when 256 is divided by 43?
41
What is the remainder when 473 is divided by 95?
93
Calculate the remainder when 382 is divided by 32.
30
Calculate the remainder when 1273 is divided by 116.
113
What is the remainder when 55 is divided by 12?
7
Calculate the remainder when 439 is divided by 5.
4
What is the remainder when 10561 is divided by 76?
73
What is the remainder when 172 is divided by 8?
4
Calculate the remainder when 155 is divided by 40.
35
Calculate the remainder when 1033 is divided by 37.
34
What is the remainder when 316 is divided by 33?
19
Calculate the remainder when 395 is divided by 99.
98
Calculate the remainder when 857 is divided by 56.
17
What is the remainder when 9019 is divided by 41?
40
Calculate the remainder when 3029 is divided by 10.
9
What is the remainder when 133 is divided by 33?
1
Calculate the remainder when 81717 is divided by 449.
448
Calculate the remainder when 63 is divided by 16.
15
Calculate the remainder when 19 is divided by 13.
6
Calculate the remainder when 105 is divided by 21.
0
What is the remainder when 480 is divided by 265?
215
Calculate the remainder when 473 is divided by 95.
93
What is the remainder when 8623 is divided by 2874?
1
Calculate the remainder when 513 is divided by 5.
3
What is the remainder when 2555 is divided by 12?
11
Calculate the remainder when 163 is divided by 89.
74
Calculate the remainder when 1183 is divided by 390.
13
What is the remainder when 103 is divided by 64?
39
What is the remainder when 1466 is divided by 48?
26
What is the remainder when 203 is divided by 52?
47
What is the remainder when 78 is divided by 52?
26
Calculate the remainder when 219 is divided by 79.
61
What is the remainder when 292 is divided by 43?
34
Calculate the remainder when 1530 is divided by 654.
222
Calculate the remainder when 3631 is divided by 16.
15
Calculate the remainder when 117 is divided by 62.
55
What is the remainder when 37 is divided by 15?
7
What is the remainder when 445 is divided by 75?
70
What is the remainder when 272 is divided by 39?
38
Calculate the remainder when 95 is divided by 37.
21
What is the remainder when 5776 is divided by 49?
43
What is the remainder when 445 is divided by 17?
3
Calculate the remainder when 122 is divided by 42.
38
What is the remainder when 133 is divided by 65?
3
Calculate the remainder when 1851 is divided by 17.
15
What is the remainder when 114 is divided by 40?
34
What is the remainder when 21 is divided by 3?
0
What is the remainder when 220 is divided by 75?
70
What is the remainder when 84 is divided by 30?
24
What is the remainder when 1318 is divided by 55?
53
What is the remainder when 1341 is divided by 192?
189
Calculate the remainder when 1959 is divided by 16.
7
What is the remainder when 26 is divided by 11?
4
What is the remainder when 8 is divided by 7?
1
Calculate the remainder when 19962 is divided by 11.
8
Calculate the remainder when 378 is divided by 115.
33
Calculate the remainder when 35 is divided by 12.
11
What is the remainder when 102 is divided by 23?
10
Calculate the remainder when 2194 is divided by 2192.
2
Calculate the remainder when 290 is divided by 80.
50
What is the remainder when 5549 is divided by 91?
89
What is the remainder when 79022 is divided by 159?
158
What is the remainder when 123 is divided by 74?
49
What is the remainder when 608 is divided by 69?
56
What is the remainder when 607 is divided by 261?
85
C